alculate the highest common divisor of 43 and o.
43
Let o = 7016 - -1244. Calculate the highest common divisor of 42 and o.
14
Suppose 272422 = 163*j - 202234. What is the greatest common divisor of 2002 and j?
182
Let a = -24950 + 25016. Suppose -5*w - 5*v - 21 - 4 = 0, -3*w + v = 11. Let n be (2 - 13)/(1/w). What is the highest common factor of n and a?
22
Suppose 5*w + 5*v - 38 = 4*w, v + 131 = 4*w. Suppose 5*m - 4*m + 2*i - 16 = 0, -3*m + w = i. What is the highest common divisor of 5 and m?
5
Let l be 0/(1 - 2) + 37. Let c(n) = -2*n - 33. Let o be c(-7). Let b = l + o. What is the highest common divisor of 27 and b?
9
Suppose 38*w = 82968 + 56948. Calculate the highest common factor of w and 14.
14
Suppose -118*x = 10*x + 82770 - 279890. Calculate the greatest common factor of 693 and x.
77
Suppose -5*r + 653 - 608 = 0, 0 = 5*b - 4*r - 5864. Calculate the highest common divisor of 40 and b.
20
Suppose 0 = 35*q - 37*q + 192. Let w = 98 - q. Suppose -w*k + 5*o = -63, 5*o - 12 - 13 = 0. Calculate the highest common divisor of k and 11.
11
Suppose 10*u + 648 = 7*u. Let g = -172 - u. What is the greatest common divisor of 4 and g?
4
Suppose -2*h - 31 = -6*h + 5*u, -h = -2*u - 7. Let r be (h/12)/(12/48). What is the greatest common divisor of r and 3?
3
Let a be 366/427*7546/7. What is the highest common factor of 672 and a?
84
Let b be 57/2*4/3. Suppose 0 = p - 5*c - 631, -2*p = -2*c + 3306 - 4592. Calculate the highest common divisor of b and p.
38
Let f = -9451 - -9456. Calculate the greatest common factor of f and 599.
1
Suppose -3*g - 418 = -s + 2, -3*s = -2*g - 1316. Let q = 27 - 15. What is the greatest common divisor of s and q?
12
Suppose 135 = 70*w - 482 - 293. Calculate the highest common divisor of w and 5993.
13
Let t(p) = -p**2 - 2*p + 8. Let q be t(0). Let d(i) = -i**2 + 4*i + 42. Let v be d(q). Let a = 20 + 0. What is the greatest common factor of v and a?
10
Let z(w) be the third derivative of w**4/3 + 21*w**3 + 73*w**2. Let l be z(-14). Let s be 2 - (2 + (-1 - 34)). Calculate the greatest common factor of l and s.
7
Let x be ((-27)/(-6))/((4/8)/1). Let l(b) = -b**3 + 10*b**2 - 13*b + 42. Let d be l(x). Calculate the highest common divisor of 21 and d.
3
Let q be 7/((-280)/4) + (-158703)/(-30). Calculate the greatest common factor of 30 and q.
10
Let a(t) = -3*t**3 - 2*t**2 + 4*t + 4. Let g be a(-2). Suppose -3*w + 336 = g. Suppose 25*f - 15*f - 360 = 0. Calculate the greatest common divisor of f and w.
36
Let o(q) = 5*q + 690. Let l be o(2). Calculate the greatest common divisor of 25 and l.
25
Suppose -145*c + 737632 = 139*c - 106*c. What is the greatest common divisor of 8 and c?
8
Let v(u) = -116*u + 4. Let y be v(-6). Suppose -p = -5*p + y. Suppose -41 = -2*f - 3*r, 53*f + 85 = 57*f + 5*r. Calculate the highest common divisor of p and f.
25
Let r = 65 + -190. Let c = r - -173. What is the highest common divisor of c and 528?
48
Let r = 101 + -44. Let y be -3*(-4)/(-12) + r. Let c = 1094 + -1078. Calculate the highest common divisor of c and y.
8
Let h = 160 + -155. Suppose -h*s - 4*b + 148 = -90, b = 2. Let j be (-2)/(-4)*(0 - -230). Calculate the highest common factor of j and s.
23
Let s be ((-42)/9 + 5)/(8/1608). What is the highest common factor of 4 and s?
1
Suppose 33*h + 392 = 29. Let g(t) = 2*t + 38. Let v be g(h). Let b(a) = 2*a**2 - 4*a. Let c be b(-4). What is the highest common divisor of c and v?
16
Let h = -10362 - -10899. Calculate the highest common divisor of h and 7697.
179
Let z be (125 - 136) + 195/1. Calculate the greatest common factor of 828 and z.
92
Let w be (-6)/(-12)*(13 - 1)*3. Let g be 6/w - (-68)/12. What is the highest common factor of 24 and g?
6
Suppose 163 = 4*k - 3*g, 5*g = k + 4*g - 41. What is the greatest common divisor of 660 and k?
20
Suppose -2*y - 4*q - 1 = -5*y, 5 = -5*q. Let w be ((4 - y) + -4)*1. Let h be w/1 + 15 + -4. Calculate the greatest common divisor of h and 6.
6
Let i be (-4)/10 + 5/(100/8). Suppose -6*g + 21 + 21 = i. Suppose j = -4*w + 191, 2*j + 59 = -3*w + 4*w. What is the highest common factor of g and w?
7
Suppose 69*i - 52*i - 415 = -66*i. What is the greatest common divisor of 4555 and i?
5
Let k(l) = 237*l**2 + 6*l + 6. Let d be k(-1). What is the highest common divisor of d and 15?
3
Suppose 8*s - 6*s + 80 = 0. Let c be ((-224)/20)/7*s. Suppose 0*x + 3*x - 4*f = 68, 4*f - 28 = -3*x. What is the highest common factor of x and c?
16
Let w(y) = -2*y**3 + y**2 - 5*y - 6. Let q be (44 - 45) + 1 + -2. Let j be w(q). What is the greatest common divisor of 192 and j?
24
Suppose 195*k - 47539 - 68291 = 0. What is the highest common factor of k and 999?
27
Let j = -966 - -974. What is the highest common factor of j and 932?
4
Suppose 0 = -20*i + 233 + 1407. What is the highest common factor of 5986 and i?
82
Let t(s) = -189*s + 1534. Let x be t(8). Suppose -u - 6*y + 587 = -3*y, u + y - 577 = 0. Calculate the highest common divisor of x and u.
22
Suppose 3*i + 20 = 5*i. Let m(l) = -l**3 + 3*l**2 + 12*l - 12. Let s be m(4). Let u be (0 + (-8 - -11))*s/6. Calculate the greatest common factor of i and u.
10
Let m = 6731 + -6697. What is the greatest common factor of m and 3706?
34
Let k be (1 - (-275)/(-35))/(19/(7448/(-16))). What is the greatest common factor of 3276 and k?
84
Let t = 20640 - 11820. Calculate the greatest common divisor of 14 and t.
14
Let q(n) = -1522*n - 159. Let c be q(-1). What is the highest common factor of c and 141?
47
Suppose 0 = -179*q + 1381 + 16877. What is the highest common factor of 13413 and q?
51
Let r = 17344 + -17147. What is the highest common divisor of r and 25216?
197
Let n be ((-48)/10)/((-180)/600). Suppose q = -2*q + 120. What is the greatest common divisor of q and n?
8
Suppose -4 = 2*l, 2*b + 0*b = -2*l + 244. Let v = b + -98. What is the greatest common divisor of v and 598?
26
Suppose 0 = -h + 77 - 56. Suppose -16*p = -h*p - 15. Let t be 4 - (p + (-4 - -2)). Calculate the greatest common divisor of 72 and t.
9
Let m be (1/(-2))/(1*2/256). Let u be (-8)/m - (-87)/8. Calculate the greatest common divisor of u and 187.
11
Let o(d) = -884*d + 75. Let x(t) = 295*t - 25. Let k(v) = -3*o(v) - 8*x(v). Let q be k(2). Calculate the greatest common divisor of q and 13.
13
Let o be ((-42)/35)/(2/(-35)). Let t = -1 + 45. Let c = 58 - t. Calculate the greatest common factor of c and o.
7
Let b = 164 + -73. Suppose -5*x + 3*r + 217 - 72 = 0, -4*x + 5*r + 129 = 0. What is the highest common divisor of x and b?
13
Let l = -11866 - -11873. What is the greatest common divisor of l and 679?
7
Let s(v) = 317*v**2 - 581*v + 3462. Let c be s(6). Calculate the highest common factor of c and 468.
156
Let l(y) = -y + 11. Let m be l(8). Suppose -155 + 20 = -m*z. Let k = 54 - z. Calculate the highest common divisor of k and 27.
9
Let i(t) = -2*t**3 + 71*t**2 + 743*t - 9. Let r be i(-9). Suppose 4*v = 21 + 87. What is the highest common factor of r and v?
27
Let c = 237 + -158. Let v = -74 + c. Let n(r) = r**2 - 5*r + 12. Let p be n(v). Calculate the greatest common divisor of p and 84.
12
Suppose 10293 = 203*g - 16706. What is the greatest common factor of 21679 and g?
133
Let p be ((-21203)/7)/(-2 + (5 - 4)). Calculate the highest common divisor of p and 39.
13
Suppose -2*a - 2*a - 4*i + 16 = 0, 5*i = -a. Let r(o) = -12*o + 24. Let s be r(-6). Suppose -s = -a*z - z. What is the highest common factor of 176 and z?
16
Let l be (-2 - -25)*(5 - 3). Let o be -5*(-18)/150 - l/10. Let t be 4 + -7 + -3*8*o. Calculate the highest common divisor of 62 and t.
31
Let r be 1771/(-63) - (-3 - -7)/(-36). Let g be (r/10)/(-7) + 5388/5. Calculate the highest common factor of 49 and g.
49
Suppose -15*f + 4*f = -11. Let n be (45 - f) + (-36)/(-9). What is the highest common divisor of n and 144?
48
Let v(g) = -g**3 + 9*g**2 - 8*g + 10. Let f be v(8). Suppose -3*j - 14 = -f*j. Let y = -31 - -33. Calculate the greatest common divisor of j and y.
2
Suppose -2*s + 29 = -3*q, 4*q = -3*s + 36 + 16. Suppose 7*b - 107 + s = 0. Calculate the highest common divisor of b and 988.
13
Let a(y) = 2936*y**2 + y - 14. Let p be a(-1). Calculate the greatest common factor of 46 and p.
23
Let t(i) = -33*i + 65. Let w be t(-17). Suppose -8*g = -78 - w. Calculate the greatest common fa